 6) to base 9.
11088
5358 (base 15) to base 4
10103201
Convert -1142034 (base 5) to base 10.
-21519
What is 78c4 (base 14) in base 16?
51d4
What is 4111 (base 5) in base 13?
31b
212463 (base 8) to base 12
35097
948 (base 12) to base 3
1212002
Convert -101103301 (base 4) to base 14.
-1bba1
18cb (base 15) to base 11
4039
What is 1010001110000110 (base 2) in base 12?
20286
176 (base 8) to base 6
330
-3c76 (base 16) to base 14
-58d8
42324 (base 5) to base 7
11164
20300302 (base 4) to base 10
35890
-2d2 (base 14) to base 6
-2400
What is 120551 (base 7) in base 3?
1010000202
Convert -371 (base 14) to base 11.
-575
11011 (base 12) to base 15
69d7
-731 (base 12) to base 5
-13140
101001110 (base 2) to base 5
2314
What is 6a4 (base 13) in base 8?
2174
-2010 (base 5) to base 2
-11111111
What is -12101020 (base 4) in base 15?
-7917
18277 (base 10) to base 13
841c
Convert 13d3 (base 16) to base 6.
35255
-c35 (base 15) to base 9
-3685
126444 (base 7) to base 12
119b3
-1315 (base 9) to base 15
-45b
Convert 130310 (base 6) to base 16.
2e02
12221100 (base 3) to base 7
15423
Convert 212002 (base 3) to base 15.
2b8
What is -221211 (base 3) in base 7?
-2014
What is -a12e (base 15) in base 7?
-201116
230204 (base 8) to base 12
39144
Convert -121011 (base 4) to base 2.
-11001000101
Convert 7156 (base 9) to base 14.
1c9d
What is 20 (base 5) in base 2?
1010
-113572 (base 8) to base 6
-455310
a473 (base 13) to base 5
1211430
487 (base 9) to base 5
3103
What is -4111 (base 6) in base 13?
-54a
What is -b2 (base 14) in base 10?
-156
2270 (base 13) to base 3
20121122
What is -23413 (base 5) in base 8?
-3305
253 (base 6) to base 11
96
-5767 (base 10) to base 2
-1011010000111
3363 (base 10) to base 3
11121120
Convert -21aa (base 11) to base 16.
-b57
Convert -2e30 (base 15) to base 12.
-5909
Convert -243 (base 6) to base 13.
-78
Convert -332 (base 13) to base 3.
-202022
Convert 282 (base 14) to base 2.
111111010
Convert 244265 (base 7) to base 8.
127277
11102120 (base 3) to base 6
22540
What is -2b2 (base 12) in base 13?
-266
-b82 (base 15) to base 10
-2597
What is -332 (base 11) in base 12?
-292
107 (base 10) to base 11
98
Convert 1096 (base 16) to base 11.
3210
What is 39a0 (base 13) in base 9?
12267
Convert -ae (base 15) to base 12.
-118
Convert -10002101 (base 3) to base 8.
-4313
Convert 4227 (base 12) to base 9.
10824
What is 7a4a (base 16) in base 2?
111101001001010
-33922 (base 10) to base 4
-20102002
-22000 (base 4) to base 11
-532
Convert -40153 (base 6) to base 11.
-3a46
What is 112210201 (base 3) in base 2?
10101000101000
What is 7a4 (base 14) in base 3?
2002011
Convert 68b (base 12) to base 4.
33023
What is -117a (base 16) in base 11?
-33a8
-27d5 (base 15) to base 10
-8525
100000110101 (base 2) to base 5
31401
100 (base 12) to base 15
99
Convert 4057 (base 9) to base 2.
101110011000
-230121 (base 4) to base 14
-106d
2ab2 (base 13) to base 3
22112201
What is 12d7 (base 15) in base 8?
7673
What is 140 (base 14) in base 8?
374
531a (base 12) to base 7
35341
What is -4844 (base 11) in base 10?
-6340
Convert 2122 (base 6) to base 16.
1e2
-9243 (base 11) to base 4
-2333230
1123221 (base 5) to base 8
47724
What is 21c (base 13) in base 3?
111110
Convert -64065 (base 9) to base 11.
-298a2
Convert 2654 (base 9) to base 12.
11a1
202212 (base 4) to base 8
4246
Convert 30311 (base 5) to base 3.
2200110
What is a8 (base 12) in base 4?
2000
-222 (base 16) to base 8
-1042
What is 475 (base 15) in base 10?
1010
Convert -20102 (base 4) to base 2.
-1000010010
What is -35640 (base 9) in base 11?
-16a12
19d (base 16) to base 13
25a
77419 (base 10) to base 16
12e6b
6016 (base 11) to base 15
2588
What is -2010200010 (base 3) in base 8?
-122072
-1d6 (base 14) to base 11
-31a
What is 8689 (base 12) in base 9?
22256
66ee (base 15) to base 9
32838
Convert 24532 (base 6) to base 7.
13442
254460 (base 7) to base 5
3002404
What is 101334 (base 5) in base 15?
ece
Convert 449 (base 10) to base 2.
111000001
Convert 1046 (base 10) to base 3.
1102202
-11100111000011 (base 2) to base 15
-45ac
-158 (base 14) to base 3
-101011
What is -3606 (base 10) in base 16?
-e16
Convert -20030 (base 5) to base 12.
-895
What is -131077 (base 8) in base 7?
-250015
Convert -10100000 (base 2) to base 6.
-424
Convert 1036 (base 8) to base 10.
542
Convert -1896 (base 12) to base 15.
-d49
Convert 13131120 (base 4) to base 15.
90bc
Convert 111101111 (base 2) to base 10.
495
-625 (base 11) to base 9
-1026
Convert -601 (base 13) to base 16.
-3f7
What is 65aa (base 11) in base 7?
34253
-1861 (base 9) to base 8
-2630
Convert 6536 (base 11) to base 6.
103542
Convert b24c (base 13) to base 10.
24569
90 (base 10) to base 8
132
What is -222134 (base 6) in base 15?
-57c4
Convert 101110101 (base 2) to base 8.
565
What is -112274 (base 8) in base 11?
-26675
Convert -1101103 (base 4) to base 11.
-3a00
Convert b13a (base 14) to base 13.
10b0c
21012111 (base 3) to base 11
3a44
-55503 (base 7) to base 14
-513a
Convert -86a (base 14) to base 11.
-1281
What is -a211 (base 11) in base 3?
-200121101
Convert -8c29 (base 14) to base 8.
-57425
What is 31450 (base 10) in base 4?
13223122
What is 2013 (base 6) in base 7?
1200
-10001 (base 5) to base 14
-32a
14111 (base 7) to base 14
1578
Convert 4102 (base 6) to base 8.
1606
Convert -1010101000100 (base 2) to base 7.
-21605
-5163 (base 8) to base 7
-10541
Convert -1a6a (base 11) to base 8.
-5071
What is 2064 (base 14) in base 12?
3288
What is 1603 (base 11) in base 15?
925
Convert 2042 (base 9) to base 3.
2001102
Convert 33312 (base 4) to base 9.
1346
What is -49a (base 11) in base 3?
-210222
Convert -5c76 (base 14) to base 13.
-7494
-7 (base 8) to base 15
-7
-332 (base 9) to base 14
-156
Convert -94 (base 14) to base 7.
-244
Convert 30211 (base 4) to base 8.
1445
Convert -10104 (base 6) to base 14.
-6b6
2043 (base 8) to base 3
1110020
Convert a235 (base 15) to base 3.
1201222112
-14413 (base 5) to base 8
-2321
Convert -200 (base 4) to base 6.
-52
1010000000101001 (base 2) to base 4
22000221
Convert 96b (base 16) to base 5.
34121
Convert -200632 (base 7) to base 6.
-421031
23322 (base 8) to base 15
2e28
Convert 1144 (base 6) to base 12.
1b4
What is -1000011000111 (base 2) in base 7?
-15344
-24001 (base 7) to base 9
-8421
What is 76652 (base 8) in base 7?
162535
Convert -80 (base 14) to base 2.
-1110000
Convert 252 (base 15) to base 8.
1017
a0 (base 14) to base 3
12012
Convert 10032 (base 4) to base 3.
101000
What is -10001021 (base 3) in base 9?
-3037
-15155 (base 8) to base 12
-3ab9
Convert -12545 (base 6) to base 13.
-b60
-c80 (base 15) to base 9
-3773
-4001 (base 6) to base 11
-717
Convert 2656 (base 7) to base 4.
33331
Convert 13c1 (base 14) to base 13.
1794
Convert 2000313 (base 4) to base 9.
12273
57e5 (base 15) to base 7
105263
Convert -2461 (base 9) to base 4.
-130231
Convert -23221 (base 4) to base 13.
-454
Convert -2101 (base 5) to base 4.
-10110
What is -1487 (base 9) in base 13?
-691
Convert 293c (base 13) to base 11.
4534
-16765 (base 11) to base 3
-1012022001
1231 (base 11) to base 14
82b
What is -1a2f (base 16) in base 10?
-6703
What is -1311140 (base 5) in base 9?
-38341
What is -30153 (base 6) in base 3?
-12102120
-8044 (base 12) to base 4
-3120310
101100000010 (base 2) to base 5
42233
Convert -4101 (base 6) to base 2.
-1110000101
Convert 23431 (base 7) to base 13.
29a4
27099 (base 11) to base 15
b707
-1320332 (base 4) to base 2
-1111000111110
-214313 (base 5) to base 12
-4396
What is 4a96 (base 12) in base 10?
8466
What is 111 (base 11) in base 4?
2011
-142 (base 9) to base 2
-1110111
What is 13616 (base 7) in base 6?
25145
Convert 316 (base 12) to base 15.
200
110011001100 (base 2) to base 6
23100
What is -2d1 (base 14) in base 15?
-285
What is -1010110000 (base 2) in base 6?
-3104
241 (base 12) to base 16
151
-101313 (base 4) to base 10
-1143
What is -2332 (base 7) in base 3?
-1011201
What is -2321 (base 4) in base 11?
-159
Convert -25406 (base 7) to base 12.
-3a7b
What is 3121030 (base 5) in base 3?
2121111100
-521 (base 11) to base 5
-10003
Convert 102020131 (base 4) to base 10.
74269
Convert 4075a (base 11) to base 8.
164124
What is -15102 (base 8) in base 13?
-30a1
1213223 (base 4) to base 13
3035
-9dd7 (base 15) to base 4
-20023132
Convert 238 (base 9) to base 3.